{"id":66,"date":"2020-04-14T15:47:15","date_gmt":"2020-04-14T18:47:15","guid":{"rendered":"http:\/\/localhost\/clarissa\/wp\/?page_id=66"},"modified":"2023-08-14T13:38:53","modified_gmt":"2023-08-14T16:38:53","slug":"atelier","status":"publish","type":"page","link":"https:\/\/www.clarissastrauss.com.br\/en\/atelier\/","title":{"rendered":"atelier"},"content":{"rendered":"\n<div class=\"wp-block-columns is-layout-flex wp-container-core-columns-is-layout-8f761849 wp-block-columns-is-layout-flex\">\n<div class=\"wp-block-column is-layout-flow wp-block-column-is-layout-flow\" style=\"flex-basis:33.33%\">\n<figure class=\"wp-block-image size-full\"><img loading=\"lazy\" decoding=\"async\" width=\"600\" height=\"852\" src=\"https:\/\/www.clarissastrauss.com.br\/homologacao\/wp-content\/uploads\/2023\/07\/foto_cla.png\" alt=\"\" class=\"wp-image-437\" srcset=\"https:\/\/www.clarissastrauss.com.br\/wp-content\/uploads\/2023\/07\/foto_cla.png 600w, https:\/\/www.clarissastrauss.com.br\/wp-content\/uploads\/2023\/07\/foto_cla-211x300.png 211w, https:\/\/www.clarissastrauss.com.br\/wp-content\/uploads\/2023\/07\/foto_cla-8x12.png 8w, https:\/\/www.clarissastrauss.com.br\/wp-content\/uploads\/2023\/07\/foto_cla-158x225.png 158w\" sizes=\"auto, (max-width: 600px) 100vw, 600px\" \/><\/figure>\n<\/div>\n\n\n\n<div class=\"wp-block-column is-layout-flow wp-block-column-is-layout-flow\" style=\"flex-basis:66.66%\">\n<h2>arquitetura com significado, hol\u00edstica e consciente<\/h2>\n<p>Meu nome \u00e9 Clarissa Strauss, sou uma arquiteta com mais de 30 anos de experi\u00eancia e sinto grande paix\u00e3o pela minha profiss\u00e3o. Tudo come\u00e7ou em 1989, quando, ao me graduar em Arquitetura e Urbanismo pela PUC-Campinas, iniciei a minha carreira em um laborat\u00f3rio de restaura\u00e7\u00e3o do patrim\u00f4nio cultural e no est\u00fadio de arquitetura Augusto Romano Burelli na cidade de Udine, na It\u00e1lia \u2013 pa\u00eds onde tamb\u00e9m me especializei em design de m\u00f3veis no Polit\u00e9cnico di Milano. De volta ao Brasil, entre 1993 e 2001 trabalhei como coordenadora de um grande escrit\u00f3rio de arquitetura paulistano.<\/p>\n<p>Finalmente, em 2001, criei o <b>Atelier Clarissa Strauss <\/b>e passei a assinar projetos autorais cada vez mais transformadores e conscientes, buscando sempre abrir as portas para o viver bem. Apesar de os tra\u00e7os intuitivos de Feng Shui estarem presente em meus trabalhos, foi a partir de 2020 que, com a realiza\u00e7\u00e3o de cursos, estudos e imers\u00f5es, comecei a aplicar a sabedoria milenar com consist\u00eancia, t\u00e9cnica e mais efetividade nas cria\u00e7\u00f5es.<\/p>\n<p>Hoje, a disciplina chinesa aparece somada \u00e0 minha expertise nas \u00e1reas residencial e corporativa, e \u00e9 incorporada com equil\u00edbrio est\u00e9tico e funcional, levando mais beleza, harmonia e impacto positivo aos espa\u00e7os e \u00e0s vidas das pessoas.<\/p>\n<blockquote>\n<p>\u201cAcredito em uma arquitetura conectada com o todo. Habitar um espa\u00e7o e se sentir bem nele \u00e9 essencial\u201d<\/p>\n<\/blockquote>\n<\/div>\n<\/div>\n\n\n<div class=\"box-premios\">\n<h3>pr\u00eamios<\/h3>\n<p>Com anos de experi\u00eancia no mercado, j\u00e1 fomos reconhecidos por algumas das premia\u00e7\u00f5es mais importantes do segmento de Arquitetura e Decora\u00e7\u00e3o, como Deca e Casa Cor<\/p>\n<div class=\"row\">\n<div class=\"col-md-3\">\n<h4>Deca 2014<\/h4>\n<p>Banho Vencedor Categoria Comercial 2014 \u2013 Regional e Nacional<\/p>\n<p><a href=\"https:\/\/www.clarissastrauss.com.br\/projetos\/escritorio-jk-1600\/\">ver projeto<\/a><\/p>\n<\/div>\n<div class=\"col-md-3\">\n<h4>Revista Decorar 2008<\/h4>\n<p>Pr\u00eamio Profissional do Ano<\/p>\n<\/div>\n<div class=\"col-md-3\">\n<h4>Casa Cor 2005<\/h4>\n<p>Banho Vencedor da Mostra<\/p>\n<p><a href=\"https:\/\/www.clarissastrauss.com.br\/projetos\/mostra-casa-cor-banheiro-dos-meninos-casa-de-praia\/\">ver projeto<\/a><\/p>\n<\/div>\n<div class=\"col-md-3\">\n<h4>Deca 2005<\/h4>\n<p>Terceiro lugar \u2013 Categoria Mostras<\/p>\n<p><a href=\"https:\/\/www.clarissastrauss.com.br\/projetos\/mostra-casa-cor-banheiro-dos-meninos-casa-de-praia\/\">ver projeto<\/a><\/p>\n<\/div>\n<\/div>\n<\/div>\n\n\n<div class=\"wp-block-columns is-layout-flex wp-container-core-columns-is-layout-8f761849 wp-block-columns-is-layout-flex\">\n<div class=\"wp-block-column is-layout-flow wp-block-column-is-layout-flow\">\n<h2>o atelier<\/h2>\n<p>Liberdade de cria\u00e7\u00e3o, excel\u00eancia, inova\u00e7\u00e3o, sustentabilidade e sa\u00fade s\u00e3o pilares essenciais na filosofia do meu Atelier. Para elaborar cada projeto e solu\u00e7\u00e3o, trabalho com um <b>alto grau de envolvimento e personaliza\u00e7\u00e3o com os clientes<\/b>, sempre buscando a harmonia, a beleza, a atemporalidade e o bem-estar.<\/p>\n<p>Al\u00e9m da concep\u00e7\u00e3o do projeto, participo e acompanho todas as tomadas de decis\u00f5es para assegurar que os valores do Atelier estejam espelhados em cada detalhe, inclusive na utiliza\u00e7\u00e3o de materiais e acabamentos \u00e9ticos, sempre que poss\u00edvel sem origem animal e com n\u00edveis de toxidade mais baixos ou nulos. Afinal, essa \u00e9 uma boa forma de aumentar a energia dos ambientes e transformar o mundo em lugar melhor e mais justo.<\/p>\n<\/div>\n\n\n\n<div class=\"wp-block-column is-layout-flow wp-block-column-is-layout-flow\">\n<h2>cursos e especializa\u00e7\u00f5es<\/h2>\n<p>\u2022 Arquitetura e Urbanismo |Pontif\u00edcia Universidade Cat\u00f3lica de Campinas [1989]<\/p>\n<p>\u2022 Design de M\u00f3veis | Polit\u00e9cnico di Milano | It\u00e1lia [1991]<\/p>\n<p>\u2022 Thetahealing | Curso B\u00e1sico [2018]&gt;<\/p>\n<p>\u2022 Arte Textil 3D | Penland School of Crafts | USA [2018]&gt;<\/p>\n<p>\u2022 Medita\u00e7\u00e3o Mindfullness | M\u00e9todo Jon Kabat-Zinn | SP [2018]<\/p>\n<p>\u2022 Terapia Pr\u00e2nica | Cursos: B\u00e1sico, Avan\u00e7ado, Psicoterapia, Alma Superior e Cristais | Master Choa Kok Sui [2018 a 2021]<\/p>\n<p>\u2022 Astrologia | Atma Institute [in\u00edcio 2019]<\/p>\n<p>\u2022 Feng Shui Pr\u00e2nico | Master Choa Kok Sui [2020]<\/p>\n<p>\u2022 Non Toxic &amp; Cruelty Free Design | VeganDesign.Org | USA [2022]<\/p>\n<p>\u2022 Casas Harmoniosas e Aplica\u00e7\u00e3o do Bagu\u00e1 | Silvana Occhialini [2022]<\/p>\n<p>\u2022 Radiestesia T\u00e9cnica | Escola Internacional de Radiestesia [2023]<\/p>\n<p>\u2022 FengShui N\u00edveis I, II e III| Instituto Brasileiro de Feng Shui [2023]<\/p>\n<\/div>\n<\/div>\n","protected":false},"excerpt":{"rendered":"<p>arquitetura com significado, hol\u00edstica e consciente Meu nome \u00e9 Clarissa Strauss, sou uma arquiteta com mais de 30 anos de experi\u00eancia e sinto grande paix\u00e3o pela minha profiss\u00e3o. Tudo come\u00e7ou em 1989, quando, ao me graduar em Arquitetura e Urbanismo pela PUC-Campinas, iniciei a minha carreira em um laborat\u00f3rio de restaura\u00e7\u00e3o do patrim\u00f4nio cultural e [&hellip;]<\/p>\n","protected":false},"author":2,"featured_media":437,"parent":0,"menu_order":0,"comment_status":"closed","ping_status":"closed","template":"templates\/atelier.php","meta":{"_acf_changed":false,"inline_featured_image":false,"footnotes":""},"class_list":["post-66","page","type-page","status-publish","has-post-thumbnail","hentry"],"acf":[],"_links":{"self":[{"href":"https:\/\/www.clarissastrauss.com.br\/en\/wp-json\/wp\/v2\/pages\/66","targetHints":{"allow":["GET"]}}],"collection":[{"href":"https:\/\/www.clarissastrauss.com.br\/en\/wp-json\/wp\/v2\/pages"}],"about":[{"href":"https:\/\/www.clarissastrauss.com.br\/en\/wp-json\/wp\/v2\/types\/page"}],"author":[{"embeddable":true,"href":"https:\/\/www.clarissastrauss.com.br\/en\/wp-json\/wp\/v2\/users\/2"}],"replies":[{"embeddable":true,"href":"https:\/\/www.clarissastrauss.com.br\/en\/wp-json\/wp\/v2\/comments?post=66"}],"version-history":[{"count":31,"href":"https:\/\/www.clarissastrauss.com.br\/en\/wp-json\/wp\/v2\/pages\/66\/revisions"}],"predecessor-version":[{"id":524,"href":"https:\/\/www.clarissastrauss.com.br\/en\/wp-json\/wp\/v2\/pages\/66\/revisions\/524"}],"wp:featuredmedia":[{"embeddable":true,"href":"https:\/\/www.clarissastrauss.com.br\/en\/wp-json\/wp\/v2\/media\/437"}],"wp:attachment":[{"href":"https:\/\/www.clarissastrauss.com.br\/en\/wp-json\/wp\/v2\/media?parent=66"}],"curies":[{"name":"wp","href":"https:\/\/api.w.org\/{rel}","templated":true}]}}

<div class="wp-block-columns is-layout-flex wp-container-core-columns-is-layout-8f761849 wp-block-columns-is-layout-flex">
<div class="wp-block-column is-layout-flow wp-block-column-is-layout-flow" style="flex-basis:33.33%">
<figure class="wp-block-image size-full"><img loading="lazy" decoding="async" width="600" height="852" src="https://www.clarissastrauss.com.br/homologacao/wp-content/uploads/2023/07/foto_cla.png" alt="" class="wp-image-437" srcset="https://www.clarissastrauss.com.br/wp-content/uploads/2023/07/foto_cla.png 600w, https://www.clarissastrauss.com.br/wp-content/uploads/2023/07/foto_cla-211x300.png 211w, https://www.clarissastrauss.com.br/wp-content/uploads/2023/07/foto_cla-8x12.png 8w, https://www.clarissastrauss.com.br/wp-content/uploads/2023/07/foto_cla-158x225.png 158w" sizes="auto, (max-width: 600px) 100vw, 600px" /></figure>
</div>



<div class="wp-block-column is-layout-flow wp-block-column-is-layout-flow" style="flex-basis:66.66%">
<h2>arquitetura com significado, holística e consciente</h2>
<p>Meu nome é Clarissa Strauss, sou uma arquiteta com mais de 30 anos de experiência e sinto grande paixão pela minha profissão. Tudo começou em 1989, quando, ao me graduar em Arquitetura e Urbanismo pela PUC-Campinas, iniciei a minha carreira em um laboratório de restauração do patrimônio cultural e no estúdio de arquitetura Augusto Romano Burelli na cidade de Udine, na Itália – país onde também me especializei em design de móveis no Politécnico di Milano. De volta ao Brasil, entre 1993 e 2001 trabalhei como coordenadora de um grande escritório de arquitetura paulistano.</p>
<p>Finalmente, em 2001, criei o <b>Atelier Clarissa Strauss </b>e passei a assinar projetos autorais cada vez mais transformadores e conscientes, buscando sempre abrir as portas para o viver bem. Apesar de os traços intuitivos de Feng Shui estarem presente em meus trabalhos, foi a partir de 2020 que, com a realização de cursos, estudos e imersões, comecei a aplicar a sabedoria milenar com consistência, técnica e mais efetividade nas criações.</p>
<p>Hoje, a disciplina chinesa aparece somada à minha expertise nas áreas residencial e corporativa, e é incorporada com equilíbrio estético e funcional, levando mais beleza, harmonia e impacto positivo aos espaços e às vidas das pessoas.</p>
<blockquote>
<p>“Acredito em uma arquitetura conectada com o todo. Habitar um espaço e se sentir bem nele é essencial”</p>
</blockquote>
</div>
</div>


<div class="box-premios">
<h3>prêmios</h3>
<p>Com anos de experiência no mercado, já fomos reconhecidos por algumas das premiações mais importantes do segmento de Arquitetura e Decoração, como Deca e Casa Cor</p>
<div class="row">
<div class="col-md-3">
<h4>Deca 2014</h4>
<p>Banho Vencedor Categoria Comercial 2014 – Regional e Nacional</p>
<p><a href="https://www.clarissastrauss.com.br/projetos/escritorio-jk-1600/">ver projeto</a></p>
</div>
<div class="col-md-3">
<h4>Revista Decorar 2008</h4>
<p>Prêmio Profissional do Ano</p>
</div>
<div class="col-md-3">
<h4>Casa Cor 2005</h4>
<p>Banho Vencedor da Mostra</p>
<p><a href="https://www.clarissastrauss.com.br/projetos/mostra-casa-cor-banheiro-dos-meninos-casa-de-praia/">ver projeto</a></p>
</div>
<div class="col-md-3">
<h4>Deca 2005</h4>
<p>Terceiro lugar – Categoria Mostras</p>
<p><a href="https://www.clarissastrauss.com.br/projetos/mostra-casa-cor-banheiro-dos-meninos-casa-de-praia/">ver projeto</a></p>
</div>
</div>
</div>


<div class="wp-block-columns is-layout-flex wp-container-core-columns-is-layout-8f761849 wp-block-columns-is-layout-flex">
<div class="wp-block-column is-layout-flow wp-block-column-is-layout-flow">
<h2>o atelier</h2>
<p>Liberdade de criação, excelência, inovação, sustentabilidade e saúde são pilares essenciais na filosofia do meu Atelier. Para elaborar cada projeto e solução, trabalho com um <b>alto grau de envolvimento e personalização com os clientes</b>, sempre buscando a harmonia, a beleza, a atemporalidade e o bem-estar.</p>
<p>Além da concepção do projeto, participo e acompanho todas as tomadas de decisões para assegurar que os valores do Atelier estejam espelhados em cada detalhe, inclusive na utilização de materiais e acabamentos éticos, sempre que possível sem origem animal e com níveis de toxidade mais baixos ou nulos. Afinal, essa é uma boa forma de aumentar a energia dos ambientes e transformar o mundo em lugar melhor e mais justo.</p>
</div>



<div class="wp-block-column is-layout-flow wp-block-column-is-layout-flow">
<h2>cursos e especializações</h2>
<p>• Arquitetura e Urbanismo |Pontifícia Universidade Católica de Campinas [1989]</p>
<p>• Design de Móveis | Politécnico di Milano | Itália [1991]</p>
<p>• Thetahealing | Curso Básico [2018]&gt;</p>
<p>• Arte Textil 3D | Penland School of Crafts | USA [2018]&gt;</p>
<p>• Meditação Mindfullness | Método Jon Kabat-Zinn | SP [2018]</p>
<p>• Terapia Prânica | Cursos: Básico, Avançado, Psicoterapia, Alma Superior e Cristais | Master Choa Kok Sui [2018 a 2021]</p>
<p>• Astrologia | Atma Institute [início 2019]</p>
<p>• Feng Shui Prânico | Master Choa Kok Sui [2020]</p>
<p>• Non Toxic &amp; Cruelty Free Design | VeganDesign.Org | USA [2022]</p>
<p>• Casas Harmoniosas e Aplicação do Baguá | Silvana Occhialini [2022]</p>
<p>• Radiestesia Técnica | Escola Internacional de Radiestesia [2023]</p>
<p>• FengShui Níveis I, II e III| Instituto Brasileiro de Feng Shui [2023]</p>
</div>
</div>

<p>arquitetura com significado, holística e consciente Meu nome é Clarissa Strauss, sou uma arquiteta com mais de 30 anos de experiência e sinto grande paixão pela minha profissão. Tudo começou em 1989, quando, ao me graduar em Arquitetura e Urbanismo pela PUC-Campinas, iniciei a minha carreira em um laboratório de restauração do patrimônio cultural e [&hellip;]</p>
